*n**2 + 5*n + 41. Is b(-7) a composite number?
False
Let f = -24106 + 40247. Is f prime?
True
Let i(l) = 1109*l**3 - l**2 - 7*l + 10. Is i(3) a composite number?
True
Let n(q) = -q**3 + q**2 - q + 415. Let o be n(0). Let a = o - 216. Is a a composite number?
False
Let l = 125555 + -88566. Is l a composite number?
True
Let v = -477 + 342. Suppose -l + 4*l = -600. Let j = v - l. Is j a composite number?
True
Let v(a) = 2*a**2 + 6*a + 12. Let b be v(5). Suppose -4*x + 6*x - b = 0. Is x a prime number?
False
Suppose 2*v - 48 = -4*x, 0 = -0*v + v. Suppose -p - 6193 = -x*p. Is p prime?
True
Let s be ((-66)/(-44))/((-78)/76 + 1). Let q = s + 276. Is q composite?
True
Let f(l) = 63*l - 118. Is f(9) prime?
True
Let x be 2/8 + 2/(-8). Let s(m) = 148*m**2 + m**3 + 103 - 445*m**2 + 149*m**2 + 148*m**2. Is s(x) composite?
False
Suppose q + 291639 = 3*s, 2*s - 3*q = 42407 + 152019. Is s a composite number?
False
Suppose -33*k + 49825 = -259814. Is k prime?
False
Let w(n) = 0*n - 11*n**3 - 6 - 6*n**2 - 14*n + 6*n. Is w(-4) a composite number?
True
Let s be ((-4)/(-28))/((-1)/(-7)). Let f be s/(-1 - (-15)/14). Suppose -f*w + 3972 = -10*w. Is w composite?
True
Let u = -17 + 19. Suppose 4*i - 2*o - 468 = u*o, 0 = 5*o + 10. Suppose -3*f - 2*f + i = 0. Is f composite?
False
Let a = 16519 - 6842. Is a prime?
True
Suppose -7*p - 65763 = -h - 2*p, -h = -6*p - 65765. Is h composite?
True
Let c be (-1184)/80 + (4/10)/(-2). Is (1/(c/(-895)))/((-2)/(-6)) a prime number?
True
Suppose 0 = -0*h + 4*h - 12. Let p(x) = -15*x + 11. Let l be p(1). Is h + (l - -5) - -45 prime?
False
Suppose 200*p - 212*p + 88260 = 0. Is p a composite number?
True
Let h(f) = f - 3. Let v be h(3). Let p be v + 6/(-3) + 6. Is 266/6*(p + -1) a composite number?
True
Let m(v) = 367*v**2 - 8. Let w be m(-3). Let g = 2263 - w. Is (-1 - -4) + g/(-3) prime?
True
Let a(y) = 558*y**3 + 1. Let o be a(1). Suppose -5*i - 2*w + 4769 = 0, 0 = -3*i + 4*w - o + 3436. Is i prime?
False
Let r be 7 - (1 + -4 + 3). Is (r + -261)/(-4 - -1*2) a composite number?
False
Let n(h) = 574*h - 2 + 4 - 5 - 203*h. Is n(4) a composite number?
False
Suppose -8*f = -5 + 69. Is ((-4 - f) + -155)/((-2)/26) prime?
False
Suppose 19*g = -74840 + 272763. Is g a composite number?
True
Is (12446/49)/((-2)/(-137)) composite?
True
Let y(j) = 70*j + 35. Let d(b) = -b + 13. Let n be d(6). Let p(q) = -23*q - 12. Let o(i) = n*p(i) + 2*y(i). Is o(-13) a composite number?
True
Let n = -13 - -10. Let u(f) = -238*f + 7. Is u(n) prime?
False
Let w be -1*(-5 - 16/(-4)). Is 367 + (-4)/(-4) - w a prime number?
True
Suppose -3*n + 227590 = 5*g, -19*g + 15*g - 4*n + 182080 = 0. Is g composite?
True
Suppose -7*d + 25679 - 9670 = 0. Is d a prime number?
True
Suppose 4*f + v = -0*f + 17, -f + 8 = 4*v. Suppose 889 = 3*t + f*t. Is t prime?
True
Suppose -6*u = -u + 4*r - 768, 15 = -5*r. Suppose 4*y - u = -3*l + 300, 4*y - 3*l = 432. Is y composite?
True
Let s = -18181 - -38658. Is s a composite number?
False
Let h(k) = -7*k**3 - 5*k**2 - 20*k + 3. Is h(-8) a composite number?
True
Let c = 36311 - 15178. Suppose -18*a + 11*a + c = 0. Is a composite?
False
Let c be (-2278)/6 + 6/9. Is 2*c*(-4)/8 composite?
False
Is (-1 - (-2)/1)*821 prime?
True
Suppose j + 3*j - 967 = 3*i, -2*j = -i - 483. Let u = j + 10. Is u prime?
True
Let g = 151 - 250. Let u = g + 226. Is u prime?
True
Let h = 907 - -84. Is h*2*(3 + (-3 - -1)) a prime number?
False
Is (-156496 + 2 + -4)*(-128)/768 a composite number?
False
Suppose -3*y + 2*u - 528 = -1870, 5*u = 3*y - 1348. Is y prime?
False
Let g(o) be the first derivative of -o**4/2 + 4*o**3/3 - 5*o**2/2 + 3*o + 6. Let v be g(3). Is (-10)/v*(245 - -1) a prime number?
False
Let w be (-7)/35 - 84/(-20). Suppose w*x - 847 = -27. Is x a prime number?
False
Let d(n) = n**3 + 7 + 9*n**2 - 9*n**2 - 3*n. Is d(4) a composite number?
False
Let n(a) = 432*a - 17. Is n(7) prime?
False
Let q = 12 - 9. Suppose 0 = -0*a - 3*a + q*z + 12, -z - 8 = 3*a. Is a/(-1)*2 - -35 a composite number?
False
Let t be 3/((-9)/118)*3. Let f be ((-251)/2)/(-4*(-3)/(-24)). Let h = t + f. Is h prime?
False
Let i(u) = -u**2 - 5*u + 16. Let m be i(-7). Suppose -m*q = q - 111. Is q composite?
False
Let f(o) = 5*o**2 + 2*o + 4. Let q be f(-2). Suppose 10*a = 5*a + q. Suppose 72 = a*x + 4*g, -x + g = -3*x + 37. Is x a prime number?
True
Let t(a) = -a**3 - 5*a**2 + 2. Let d be t(-5). Let f be (-1 - 1)/(6/(-9)). Suppose h - f*h = -d*y - 94, -5*h - 5*y = -275. Is h prime?
False
Suppose 2*o - 63718 = 4*a, 12*a - 15*a - 31855 = -o. Is o a prime number?
False
Let x(v) = -2*v**2 + 3*v - 3. Let o be x(2). Is (-6)/o - 1 - 32428/(-110) composite?
True
Let y(t) = -t**2 + 8*t + 1. Let n be y(8). Suppose 7 - n = -k. Let c = 19 - k. Is c composite?
True
Suppose -3*a - a = -8. Let u be (-6)/(-10) - 8/(-20). Is (u/a)/((-3)/(-18)) prime?
True
Let v be 6/(((-4)/5)/4). Is ((-2)/3)/(v/16785) a composite number?
False
Let x = 4010 + -1269. Is x a composite number?
False
Suppose 5*h - 3*l = 3*h + 514, -h + l + 257 = 0. Let k = 418 - h. Suppose 27 = -2*a + k. Is a composite?
False
Is (-1 - (-543 + 1)) + (32 - 32) composite?
False
Is -14 - -3 - -12 - (0 - 4560) a prime number?
True
Let d(n) = -70*n**3 - 7*n**2 - 12*n + 28. Is d(-5) prime?
True
Is 3/24 + 26076/32 a composite number?
True
Let f(x) = -447*x - 44. Is f(-13) a prime number?
False
Let d = -8432 + 15825. Is d prime?
True
Let w(u) = 21*u**3 - 2*u**2 + u + 3. Let h(c) = 64*c**3 - 5*c**2 + 2*c + 8. Let q(r) = 2*h(r) - 7*w(r). Is q(-3) a composite number?
True
Let a be 9*1*(-5)/(-15). Suppose 3*g - 618 = -a*h, -5*h - 604 = -4*g + 175. Is g prime?
False
Let o = -7 - -4. Let i(p) = 69*p - 103. Let j be i(-5). Let r = o - j. Is r a composite number?
True
Let b = -23 - -172. Is b prime?
True
Let g(d) = d + 32. Let z be g(0). Let f = 303 + z. Is f a composite number?
True
Suppose -k + 8 = -3*l - 4, 0 = -4*k + 3*l + 3. Is 1*(2 - (k + 3 + -1251)) composite?
True
Suppose 7*r = 2*r + 1300. Let t be (2/10)/(17/14365). Let l = r - t. Is l a prime number?
False
Let h(k) = 21*k**2 + 20*k - 11. Let b be h(14). Suppose 3*r + 2*r = b. Is r a prime number?
True
Suppose 22*c = 18*c + 332. Suppose -t + 86 = 5*o + 2*t, 5*o = -4*t + c. Is o prime?
True
Let o be (1 - 3)*((-554)/4 + 1). Let n be (-62)/(-22) - 4/(-22). Suppose -n*m + o = 14. Is m composite?
True
Let i(m) = m**3 - 7*m**2 + 7*m - 1. Let u be i(6). Suppose -u*k - w = w + 31, 0 = 4*k + 5*w + 18. Is 135 - k/((-35)/10) composite?
True
Let y(u) = -u**2 - 7*u - 1. Let t be y(-6). Let f(o) = 3*o + t - o + 2 + 2*o**2. Is f(-5) a prime number?
True
Let z = 2282 + -1549. Is z a composite number?
False
Suppose 5*n = -10, 2*n + 4442 - 13224 = -2*r. Is r a prime number?
False
Let p(x) = 97*x**2. Let o(s) = 97*s**2 - s + 1. Let j(d) = -2*o(d) + 3*p(d). Is j(1) a composite number?
False
Suppose 0 = a + l - 1710, -4174 + 759 = -2*a + 3*l. Is a composite?
False
Let p = 33 + -29. Suppose -p*v = -4*j + 8, -2*j + 4*v = -3*j + 12. Suppose 4*q - 9 = 3, -j*q + 2216 = 4*d. Is d prime?
False
Let h = -4508 - -23167. Is h prime?
False
Suppose -4*h + 7*w - 3*w + 8760 = 0, -h + 2*w + 2185 = 0. Is h prime?
False
Suppose 0 = 40*g - 36*g - 5644. Let s = g - 996. Is s a composite number?
True
Let w be ((-6)/(-4))/((-12)/(-16)). Let n be 1/w + 19212/24. Is 4/(-3)*n/(-6) composite?
True
Let t = 1450 + -3596. Let p be t/(-3) - 2/6. Suppose 2*a - p = -3*a. Is a a prime number?
False
Let v = 35825 + -5524. Is v composite?
True
Suppose 4*p + 4*g - 644 = 0, 2*p + 2*g + 173 = 3*p. Let j = p - -36. Is (j/(-6))/((-1)/2) prime?
True
Let b(v) = 2*v**3 - 11*v**2 - 6*v - 11. Let a be b(11). Suppose -2*s = -5*s + a. Let f = s - 167. Is f a prime number?
True
Suppose -3*w + 75033 = 2*b - 88297, 0 = 4*b - w - 326632. Is b a composite number?
True
Let r be (8/(-20))/(-2 + 38/20). Suppose r*u + 3895 = 9*u. Is u composite?
True
Suppose 47*k = 12*k + 872095. Is k a prime number?
True
Let h(a) = 846*a + 773. Is h(54) a composite number?
False
Let a(n) = -n**3 + 8*n**2 + 9*n - 1. Let z be a(9). Is ((-17)/(-17))/(0 - z/1543) prime?
True
Let r be -3 - (-6)/2*(-90)/(-27). Suppose -r*b + 3622 = -1761. Is b a composite number?
False
Let o(b) be the first derivative of 71*b**2/2 - 21*b + 8. Is o(4) composite?
False
Let o(i) = i + 3. Let b be o(-1). Suppose -